{"id":1236,"date":"2021-11-16T09:14:48","date_gmt":"2021-11-16T09:14:48","guid":{"rendered":"https:\/\/teidakademi.mucizefikironline.com\/?page_id=1236"},"modified":"2023-07-19T16:14:12","modified_gmt":"2023-07-19T13:14:12","slug":"av-didem-kalaycioglu-birol","status":"publish","type":"page","link":"https:\/\/teidakademi.com\/index.php\/ekibimiz\/av-didem-kalaycioglu-birol\/","title":{"rendered":"Av. Didem Kalayc\u0131o\u011flu Birol"},"content":{"rendered":"\t\t<div data-elementor-type=\"wp-page\" data-elementor-id=\"1236\" class=\"elementor elementor-1236\" data-elementor-settings=\"{&quot;ha_cmc_init_switcher&quot;:&quot;no&quot;}\" data-elementor-post-type=\"page\">\n\t\t\t\t\t\t<section class=\"elementor-section elementor-top-section elementor-element elementor-element-bc39e38 elementor-section-boxed elementor-section-height-default elementor-section-height-default\" data-id=\"bc39e38\" data-element_type=\"section\" data-e-type=\"section\" data-settings=\"{&quot;_ha_eqh_enable&quot;:false}\">\n\t\t\t\t\t\t<div class=\"elementor-container elementor-column-gap-default\">\n\t\t\t\t\t<div class=\"elementor-column elementor-col-100 elementor-top-column elementor-element elementor-element-8a8309a\" data-id=\"8a8309a\" data-element_type=\"column\" data-e-type=\"column\">\n\t\t\t<div class=\"elementor-widget-wrap elementor-element-populated\">\n\t\t\t\t\t\t<div class=\"elementor-element elementor-element-ab264a5 elementor-widget elementor-widget-image\" data-id=\"ab264a5\" data-element_type=\"widget\" data-e-type=\"widget\" data-widget_type=\"image.default\">\n\t\t\t\t<div class=\"elementor-widget-container\">\n\t\t\t\t\t\t\t\t\t\t\t\t\t\t\t<img decoding=\"async\" src=\"http:\/\/teidakademi.mucizefikironline.com\/wp-content\/uploads\/2021\/11\/didem_birol_150.jpg\" title=\"\" alt=\"\" loading=\"lazy\" \/>\t\t\t\t\t\t\t\t\t\t\t\t\t\t\t<\/div>\n\t\t\t\t<\/div>\n\t\t\t\t<div class=\"elementor-element elementor-element-7199dcd elementor-widget elementor-widget-heading\" data-id=\"7199dcd\" data-element_type=\"widget\" data-e-type=\"widget\" data-widget_type=\"heading.default\">\n\t\t\t\t<div class=\"elementor-widget-container\">\n\t\t\t\t\t<h2 class=\"elementor-heading-title elementor-size-default\">Av. Didem Kalayc\u0131o\u011flu Birol<\/h2>\t\t\t\t<\/div>\n\t\t\t\t<\/div>\n\t\t\t\t<div class=\"elementor-element elementor-element-be5a027 elementor-widget elementor-widget-heading\" data-id=\"be5a027\" data-element_type=\"widget\" data-e-type=\"widget\" data-widget_type=\"heading.default\">\n\t\t\t\t<div class=\"elementor-widget-container\">\n\t\t\t\t\t<h2 class=\"elementor-heading-title elementor-size-default\"><span style=\"font-family: Calibri, sans-serif;font-size: 14.6667px;font-weight: 400;text-align: start\">DKB Legal<\/span><\/h2>\t\t\t\t<\/div>\n\t\t\t\t<\/div>\n\t\t\t\t<div class=\"elementor-element elementor-element-a5e92dd elementor-widget elementor-widget-text-editor\" data-id=\"a5e92dd\" data-element_type=\"widget\" data-e-type=\"widget\" data-widget_type=\"text-editor.default\">\n\t\t\t\t<div class=\"elementor-widget-container\">\n\t\t\t\t\t\t\t\t\t<p>Lisans e\u011fitimini \u0130stanbul \u00dcniversitesi Hukuk Fak\u00fcltesi\u2019nde tamamlam\u0131\u015ft\u0131r. Galatasaray \u00dcniversitesi\u2019nde Ekonomi Hukuku alan\u0131nda y\u00fcksek lisans derecesini alm\u0131\u015f olan Didem Kalayc\u0131o\u011flu Birol, 2004 y\u0131l\u0131ndan bu yana \u0130stanbul Barosuna kay\u0131tl\u0131d\u0131r.<\/p><p>Do\u011fu\u015f Holding Turizm Grubu\u2019nda \u00f6zellikle Ticaret Hukuku, Toplu ve Bireysel \u0130\u015f Hukuku, Rekabet Hukuku alanlar\u0131nda uzman avukat olarak \u00e7al\u0131\u015ft\u0131ktan sonra, Turkcell \u0130leti\u015fim Hizmetleri A.\u015e.\u2019de \u00e7al\u0131\u015fmaya ba\u015flam\u0131\u015ft\u0131r. Elektronik Haberle\u015fme Hukuku, Rekabet Hukuku, T\u00fcketici Hukuku ve Ki\u015fisel Verilerin Korunmas\u0131 Hukuku alanlar\u0131nda uzmanla\u015fm\u0131\u015f ve \u201cSekt\u00f6rel Hukuk Dan\u0131\u015fmanl\u0131\u011f\u0131 Birim M\u00fcd\u00fcr\u00fc\u201d g\u00f6revinden sonra \u201cKi\u015fisel Veri ve Rekabet Hukuku M\u00fcd\u00fcr\u00fc\u201d olarak atanm\u0131\u015ft\u0131r. Ayn\u0131 zamanda DPO (Data Protection Officer) olarak g\u00f6rev yapmaktad\u0131r.<\/p><p>Telekom\u00fcnikasyon sekt\u00f6r\u00fcnde 14 y\u0131la yak\u0131n tecr\u00fcbesi bulunan Didem Kalayc\u0131o\u011flu Birol, uyum programlar\u0131n\u0131n y\u00f6netilmesi konusunda da geni\u015f bir deneyime sahiptir.<\/p><p>Didem Kalayc\u0131o\u011flu Birol completed her undergraduate education at Istanbul University Faculty of Law. She received her master\u2019s degree in Economic Law from Galatasaray University and has been registered with the Istanbul Bar Association since 2004.\u00a0\u00a0<\/p>\t\t\t\t\t\t\t\t<\/div>\n\t\t\t\t<\/div>\n\t\t\t\t\t<\/div>\n\t\t<\/div>\n\t\t\t\t\t<\/div>\n\t\t<\/section>\n\t\t\t\t<\/div>\n\t\t","protected":false},"excerpt":{"rendered":"<p>Av. Didem Kalayc\u0131o\u011flu Birol DKB Legal Lisans e\u011fitimini \u0130stanbul \u00dcniversitesi Hukuk Fak\u00fcltesi\u2019nde tamamlam\u0131\u015ft\u0131r. Galatasaray \u00dcniversitesi\u2019nde Ekonomi Hukuku alan\u0131nda y\u00fcksek lisans derecesini alm\u0131\u015f olan Didem Kalayc\u0131o\u011flu Birol, 2004 y\u0131l\u0131ndan bu yana \u0130stanbul Barosuna kay\u0131tl\u0131d\u0131r. Do\u011fu\u015f Holding Turizm Grubu\u2019nda \u00f6zellikle Ticaret Hukuku, Toplu ve Bireysel \u0130\u015f Hukuku, Rekabet Hukuku alanlar\u0131nda uzman avukat olarak \u00e7al\u0131\u015ft\u0131ktan sonra, Turkcell \u0130leti\u015fim [&hellip;]<\/p>\n","protected":false},"author":497,"featured_media":0,"parent":1166,"menu_order":0,"comment_status":"closed","ping_status":"closed","template":"elementor_header_footer","meta":{"_bbp_topic_count":0,"_bbp_reply_count":0,"_bbp_total_topic_count":0,"_bbp_total_reply_count":0,"_bbp_voice_count":0,"_bbp_anonymous_reply_count":0,"_bbp_topic_count_hidden":0,"_bbp_reply_count_hidden":0,"_bbp_forum_subforum_count":0,"footnotes":""},"class_list":["post-1236","page","type-page","status-publish","hentry"],"_links":{"self":[{"href":"https:\/\/teidakademi.com\/index.php\/wp-json\/wp\/v2\/pages\/1236","targetHints":{"allow":["GET"]}}],"collection":[{"href":"https:\/\/teidakademi.com\/index.php\/wp-json\/wp\/v2\/pages"}],"about":[{"href":"https:\/\/teidakademi.com\/index.php\/wp-json\/wp\/v2\/types\/page"}],"author":[{"embeddable":true,"href":"https:\/\/teidakademi.com\/index.php\/wp-json\/wp\/v2\/users\/497"}],"replies":[{"embeddable":true,"href":"https:\/\/teidakademi.com\/index.php\/wp-json\/wp\/v2\/comments?post=1236"}],"version-history":[{"count":3,"href":"https:\/\/teidakademi.com\/index.php\/wp-json\/wp\/v2\/pages\/1236\/revisions"}],"predecessor-version":[{"id":44647,"href":"https:\/\/teidakademi.com\/index.php\/wp-json\/wp\/v2\/pages\/1236\/revisions\/44647"}],"up":[{"embeddable":true,"href":"https:\/\/teidakademi.com\/index.php\/wp-json\/wp\/v2\/pages\/1166"}],"wp:attachment":[{"href":"https:\/\/teidakademi.com\/index.php\/wp-json\/wp\/v2\/media?parent=1236"}],"curies":[{"name":"wp","href":"https:\/\/api.w.org\/{rel}","templated":true}]}}

Av. Didem Kalaycıoğlu Birol

<div data-elementor-type="wp-page" data-elementor-id="1236" class="elementor elementor-1236" data-elementor-settings="{&quot;ha_cmc_init_switcher&quot;:&quot;no&quot;}" data-elementor-post-type="page">
						<section class="elementor-section elementor-top-section elementor-element elementor-element-bc39e38 elementor-section-boxed elementor-section-height-default elementor-section-height-default" data-id="bc39e38" data-element_type="section" data-e-type="section" data-settings="{&quot;_ha_eqh_enable&quot;:false}">
						<div class="elementor-container elementor-column-gap-default">
					<div class="elementor-column elementor-col-100 elementor-top-column elementor-element elementor-element-8a8309a" data-id="8a8309a" data-element_type="column" data-e-type="column">
			<div class="elementor-widget-wrap elementor-element-populated">
						<div class="elementor-element elementor-element-ab264a5 elementor-widget elementor-widget-image" data-id="ab264a5" data-element_type="widget" data-e-type="widget" data-widget_type="image.default">
				<div class="elementor-widget-container">
															<img decoding="async" src="http://teidakademi.mucizefikironline.com/wp-content/uploads/2021/11/didem_birol_150.jpg" title="" alt="" loading="lazy" />															</div>
				</div>
				<div class="elementor-element elementor-element-7199dcd elementor-widget elementor-widget-heading" data-id="7199dcd" data-element_type="widget" data-e-type="widget" data-widget_type="heading.default">
				<div class="elementor-widget-container">
					<h2 class="elementor-heading-title elementor-size-default">Av. Didem Kalaycıoğlu Birol</h2>				</div>
				</div>
				<div class="elementor-element elementor-element-be5a027 elementor-widget elementor-widget-heading" data-id="be5a027" data-element_type="widget" data-e-type="widget" data-widget_type="heading.default">
				<div class="elementor-widget-container">
					<h2 class="elementor-heading-title elementor-size-default"><span style="font-family: Calibri, sans-serif;font-size: 14.6667px;font-weight: 400;text-align: start">DKB Legal</span></h2>				</div>
				</div>
				<div class="elementor-element elementor-element-a5e92dd elementor-widget elementor-widget-text-editor" data-id="a5e92dd" data-element_type="widget" data-e-type="widget" data-widget_type="text-editor.default">
				<div class="elementor-widget-container">
									<p>Lisans eğitimini İstanbul Üniversitesi Hukuk Fakültesi’nde tamamlamıştır. Galatasaray Üniversitesi’nde Ekonomi Hukuku alanında yüksek lisans derecesini almış olan Didem Kalaycıoğlu Birol, 2004 yılından bu yana İstanbul Barosuna kayıtlıdır.</p><p>Doğuş Holding Turizm Grubu’nda özellikle Ticaret Hukuku, Toplu ve Bireysel İş Hukuku, Rekabet Hukuku alanlarında uzman avukat olarak çalıştıktan sonra, Turkcell İletişim Hizmetleri A.Ş.’de çalışmaya başlamıştır. Elektronik Haberleşme Hukuku, Rekabet Hukuku, Tüketici Hukuku ve Kişisel Verilerin Korunması Hukuku alanlarında uzmanlaşmış ve “Sektörel Hukuk Danışmanlığı Birim Müdürü” görevinden sonra “Kişisel Veri ve Rekabet Hukuku Müdürü” olarak atanmıştır. Aynı zamanda DPO (Data Protection Officer) olarak görev yapmaktadır.</p><p>Telekomünikasyon sektöründe 14 yıla yakın tecrübesi bulunan Didem Kalaycıoğlu Birol, uyum programlarının yönetilmesi konusunda da geniş bir deneyime sahiptir.</p><p>Didem Kalaycıoğlu Birol completed her undergraduate education at Istanbul University Faculty of Law. She received her master’s degree in Economic Law from Galatasaray University and has been registered with the Istanbul Bar Association since 2004.  </p>								</div>
				</div>
					</div>
		</div>
					</div>
		</section>
				</div>

<p>Av. Didem Kalaycıoğlu Birol DKB Legal Lisans eğitimini İstanbul Üniversitesi Hukuk Fakültesi’nde tamamlamıştır. Galatasaray Üniversitesi’nde Ekonomi Hukuku alanında yüksek lisans derecesini almış olan Didem Kalaycıoğlu Birol, 2004 yılından bu yana İstanbul Barosuna kayıtlıdır. Doğuş Holding Turizm Grubu’nda özellikle Ticaret Hukuku, Toplu ve Bireysel İş Hukuku, Rekabet Hukuku alanlarında uzman avukat olarak çalıştıktan sonra, Turkcell İletişim [&hellip;]</p>
