{"id":1273,"date":"2021-11-16T09:24:17","date_gmt":"2021-11-16T09:24:17","guid":{"rendered":"https:\/\/teidakademi.mucizefikironline.com\/?page_id=1273"},"modified":"2023-07-19T16:16:06","modified_gmt":"2023-07-19T13:16:06","slug":"dr-mehmet-fevzi-toksoy","status":"publish","type":"page","link":"https:\/\/teidakademi.com\/index.php\/ekibimiz\/dr-mehmet-fevzi-toksoy\/","title":{"rendered":"Dr. Mehmet Fevzi Toksoy"},"content":{"rendered":"\t\t<div data-elementor-type=\"wp-page\" data-elementor-id=\"1273\" class=\"elementor elementor-1273\" data-elementor-settings=\"{&quot;ha_cmc_init_switcher&quot;:&quot;no&quot;}\" data-elementor-post-type=\"page\">\n\t\t\t\t\t\t<section class=\"elementor-section elementor-top-section elementor-element elementor-element-bc39e38 elementor-section-boxed elementor-section-height-default elementor-section-height-default\" data-id=\"bc39e38\" data-element_type=\"section\" data-e-type=\"section\" data-settings=\"{&quot;_ha_eqh_enable&quot;:false}\">\n\t\t\t\t\t\t<div class=\"elementor-container elementor-column-gap-default\">\n\t\t\t\t\t<div class=\"elementor-column elementor-col-100 elementor-top-column elementor-element elementor-element-8a8309a\" data-id=\"8a8309a\" data-element_type=\"column\" data-e-type=\"column\">\n\t\t\t<div class=\"elementor-widget-wrap elementor-element-populated\">\n\t\t\t\t\t\t<div class=\"elementor-element elementor-element-ab264a5 elementor-widget elementor-widget-image\" data-id=\"ab264a5\" data-element_type=\"widget\" data-e-type=\"widget\" data-widget_type=\"image.default\">\n\t\t\t\t<div class=\"elementor-widget-container\">\n\t\t\t\t\t\t\t\t\t\t\t\t\t\t\t<img decoding=\"async\" src=\"http:\/\/teidakademi.mucizefikironline.com\/wp-content\/uploads\/2021\/11\/fevzi_toksoy2-1.png\" title=\"\" alt=\"\" loading=\"lazy\" \/>\t\t\t\t\t\t\t\t\t\t\t\t\t\t\t<\/div>\n\t\t\t\t<\/div>\n\t\t\t\t<div class=\"elementor-element elementor-element-7199dcd elementor-widget elementor-widget-heading\" data-id=\"7199dcd\" data-element_type=\"widget\" data-e-type=\"widget\" data-widget_type=\"heading.default\">\n\t\t\t\t<div class=\"elementor-widget-container\">\n\t\t\t\t\t<h2 class=\"elementor-heading-title elementor-size-default\">Dr. Mehmet Fevzi Toksoy\n\n<\/h2>\t\t\t\t<\/div>\n\t\t\t\t<\/div>\n\t\t\t\t<div class=\"elementor-element elementor-element-be5a027 elementor-widget elementor-widget-heading\" data-id=\"be5a027\" data-element_type=\"widget\" data-e-type=\"widget\" data-widget_type=\"heading.default\">\n\t\t\t\t<div class=\"elementor-widget-container\">\n\t\t\t\t\t<h2 class=\"elementor-heading-title elementor-size-default\">ACTECON\n\n\n<\/h2>\t\t\t\t<\/div>\n\t\t\t\t<\/div>\n\t\t\t\t<div class=\"elementor-element elementor-element-a5e92dd elementor-widget elementor-widget-text-editor\" data-id=\"a5e92dd\" data-element_type=\"widget\" data-e-type=\"widget\" data-widget_type=\"text-editor.default\">\n\t\t\t\t<div class=\"elementor-widget-container\">\n\t\t\t\t\t\t\t\t\t<p><strong>TE\u0130D 2019-2021 D\u00f6nemi Y\u00f6netim Kurulu As\u0131l \u00dcyesi,&nbsp;<\/strong><span style=\"caret-color: rgb(0, 0, 0); font-family: Calibri, sans-serif; font-size: 14.6667px; text-align: start;\"><b>ACTECON<\/b><\/span><strong>&nbsp;Dan\u0131\u015fmanl\u0131k \u015eirket Orta\u011f\u0131<\/strong><\/p>\n<p>1995 y\u0131l\u0131ndan beri rekabet hukuku ve iktisad\u0131 alanlar\u0131nda \u00f6zel sekt\u00f6r, kamu kurulu\u015fu ve sekt\u00f6r derneklerine hizmet veren Toksoy, doktora derecesini AB Hukuku alan\u0131nda 2007 y\u0131l\u0131nda alm\u0131\u015f ve bu tarihten sonra mesleki faaliyetlerine akademik \u00e7al\u0131\u015fmalar\u0131yla birlikte devam etmi\u015ftir.<\/p>\n<p>AB ile G\u00fcmr\u00fck Birli\u011fi\u2019nin tesis edildi\u011fi y\u0131llarda, ithalatta haks\u0131z rekabet uygulamalar\u0131 ve AB ve T\u00fcrkiye ticaret politikalar\u0131 konular\u0131nda uzmanla\u015fan Toksoy, \u00f6zellikle antidamping soru\u015fturmalar\u0131nda \u00fcretici firmalara hizmet vermi\u015ftir. T\u00fcrk \u015firketlerini ve ihracat\u00e7\u0131 birliklerini AB, ABD, Singapur, Endonezya, Suudi Arabistan, Brezilya Hindistan gibi \u00fclkelerin \u00e7e\u015fitli \u00fcr\u00fcnlerde a\u00e7t\u0131\u011f\u0131 soru\u015fturmalarda temsil etmi\u015f olan Toksoy, T\u00fcrkiye\u2019nin a\u00e7m\u0131\u015f oldu\u011fu soru\u015fturmalarda da \u00c7in, Vietnam, Endonezya, Pakistan ve Japonya\u2019da faaliyet g\u00f6steren \u015firketleri, sekt\u00f6r derneklerini ve ayr\u0131ca \u00c7in ve Pakistan ihracat\u00e7\u0131 birliklerini temsil etmi\u015ftir. Dr. Toksoy\u2019un antidamping alan\u0131ndaki faaliyetleri halen devam etmektedir.<br>1997 y\u0131l\u0131nda Rekabet Kurumu\u2019nun faaliyetlerine ba\u015flamas\u0131yla birlikte AB modelini \u00f6rnek alan T\u00fcrk Rekabet Hukuku uygulamalar\u0131na y\u00f6nelen Dr. Toksoy bu alanda da halen yo\u011fun olarak \u00e7al\u0131\u015fmaktad\u0131r. Dr. Toksoy \u00f6zellikle kurumsal nitelikli T\u00fcrk ve \u00e7okuluslu global firmalar\u0131n rekabet uyum programlar\u0131n\u0131 dizayn eden, revize eden, kurumsal global politikalara uyumlu hale getiren ve rekabet stratejilerini belirlemede yol g\u00f6sterici olan \u00e7al\u0131\u015fmalar\u0131 y\u00f6netmektedir. Toksoy ayr\u0131ca, rekabet soru\u015fturmalar\u0131, birle\u015fme ve devralma i\u015flemlerinin rekabet hukuku boyutu ve dikey yap\u0131lanmalara ili\u015fkin \u00e7ok \u00e7e\u015fitli vakalar\u0131n birikimiyle \u015firketlere \u00e7\u00f6z\u00fcm \u00fcretme konusunda destek olmaktad\u0131r.<\/p>\n<p>Dr. Fevzi Toksoy, Bah\u00e7e\u015fehir \u00dcniversitesi\u2019nde AB Rekabet Hukuku dersi vermekte ve Bilgi \u00dcniversitesi Rekabet Hukuku Uygulama ve Ara\u015ft\u0131rma Merkezi Dan\u0131\u015fma Kurulu \u00fcyeli\u011fi ile rekabet hukukuna akademik olarak hizmet vermektedir. Dr. Toksoy, ayr\u0131ca uluslararas\u0131 rekabet kurumlar\u0131 \u015febekesi ICN (International Competition Network) b\u00fcnyesinde T\u00fcrk Rekabet Kurumu\u2019nun kamu d\u0131\u015f\u0131 uzman s\u0131fat\u0131na haiz olup rekabet hukukunun uluslararas\u0131 geli\u015fiminde \u00f6zel sekt\u00f6r ve akademinin yakla\u015f\u0131mlar\u0131n\u0131 yans\u0131tarak faal olarak g\u00f6rev yapmaktad\u0131r.&nbsp;&nbsp;<span style=\"font-family: Calibri, sans-serif; font-size: 14.6667px; text-align: start; caret-color: rgb(0, 0, 0); font-weight: var( --e-global-typography-text-font-weight );\">ACTECON<\/span><\/p>\t\t\t\t\t\t\t\t<\/div>\n\t\t\t\t<\/div>\n\t\t\t\t\t<\/div>\n\t\t<\/div>\n\t\t\t\t\t<\/div>\n\t\t<\/section>\n\t\t\t\t<\/div>\n\t\t","protected":false},"excerpt":{"rendered":"<p>Dr. Mehmet Fevzi Toksoy ACTECON TE\u0130D 2019-2021 D\u00f6nemi Y\u00f6netim Kurulu As\u0131l \u00dcyesi,&nbsp;ACTECON&nbsp;Dan\u0131\u015fmanl\u0131k \u015eirket Orta\u011f\u0131 1995 y\u0131l\u0131ndan beri rekabet hukuku ve iktisad\u0131 alanlar\u0131nda \u00f6zel sekt\u00f6r, kamu kurulu\u015fu ve sekt\u00f6r derneklerine hizmet veren Toksoy, doktora derecesini AB Hukuku alan\u0131nda 2007 y\u0131l\u0131nda alm\u0131\u015f ve bu tarihten sonra mesleki faaliyetlerine akademik \u00e7al\u0131\u015fmalar\u0131yla birlikte devam etmi\u015ftir. AB ile G\u00fcmr\u00fck Birli\u011fi\u2019nin [&hellip;]<\/p>\n","protected":false},"author":497,"featured_media":0,"parent":1166,"menu_order":0,"comment_status":"closed","ping_status":"closed","template":"elementor_header_footer","meta":{"_bbp_topic_count":0,"_bbp_reply_count":0,"_bbp_total_topic_count":0,"_bbp_total_reply_count":0,"_bbp_voice_count":0,"_bbp_anonymous_reply_count":0,"_bbp_topic_count_hidden":0,"_bbp_reply_count_hidden":0,"_bbp_forum_subforum_count":0,"footnotes":""},"class_list":["post-1273","page","type-page","status-publish","hentry"],"_links":{"self":[{"href":"https:\/\/teidakademi.com\/index.php\/wp-json\/wp\/v2\/pages\/1273","targetHints":{"allow":["GET"]}}],"collection":[{"href":"https:\/\/teidakademi.com\/index.php\/wp-json\/wp\/v2\/pages"}],"about":[{"href":"https:\/\/teidakademi.com\/index.php\/wp-json\/wp\/v2\/types\/page"}],"author":[{"embeddable":true,"href":"https:\/\/teidakademi.com\/index.php\/wp-json\/wp\/v2\/users\/497"}],"replies":[{"embeddable":true,"href":"https:\/\/teidakademi.com\/index.php\/wp-json\/wp\/v2\/comments?post=1273"}],"version-history":[{"count":3,"href":"https:\/\/teidakademi.com\/index.php\/wp-json\/wp\/v2\/pages\/1273\/revisions"}],"predecessor-version":[{"id":44650,"href":"https:\/\/teidakademi.com\/index.php\/wp-json\/wp\/v2\/pages\/1273\/revisions\/44650"}],"up":[{"embeddable":true,"href":"https:\/\/teidakademi.com\/index.php\/wp-json\/wp\/v2\/pages\/1166"}],"wp:attachment":[{"href":"https:\/\/teidakademi.com\/index.php\/wp-json\/wp\/v2\/media?parent=1273"}],"curies":[{"name":"wp","href":"https:\/\/api.w.org\/{rel}","templated":true}]}}