{"id":1815,"date":"2022-03-29T11:28:51","date_gmt":"2022-03-29T11:28:51","guid":{"rendered":"https:\/\/teidakademi.mucizefikironline.com\/?page_id=1815"},"modified":"2022-03-29T11:28:51","modified_gmt":"2022-03-29T11:28:51","slug":"eray-akdag","status":"publish","type":"page","link":"https:\/\/teidakademi.com\/index.php\/ekibimiz\/eray-akdag\/","title":{"rendered":"Eray Akda\u011f"},"content":{"rendered":"\t\t<div data-elementor-type=\"wp-page\" data-elementor-id=\"1815\" class=\"elementor elementor-1815\" data-elementor-settings=\"{&quot;ha_cmc_init_switcher&quot;:&quot;no&quot;}\" data-elementor-post-type=\"page\">\n\t\t\t\t\t\t<section class=\"elementor-section elementor-top-section elementor-element elementor-element-bc39e38 elementor-section-boxed elementor-section-height-default elementor-section-height-default\" data-id=\"bc39e38\" data-element_type=\"section\" data-e-type=\"section\" data-settings=\"{&quot;_ha_eqh_enable&quot;:false}\">\n\t\t\t\t\t\t<div class=\"elementor-container elementor-column-gap-default\">\n\t\t\t\t\t<div class=\"elementor-column elementor-col-100 elementor-top-column elementor-element elementor-element-8a8309a\" data-id=\"8a8309a\" data-element_type=\"column\" data-e-type=\"column\">\n\t\t\t<div class=\"elementor-widget-wrap elementor-element-populated\">\n\t\t\t\t\t\t<div class=\"elementor-element elementor-element-ab264a5 elementor-widget elementor-widget-image\" data-id=\"ab264a5\" data-element_type=\"widget\" data-e-type=\"widget\" data-widget_type=\"image.default\">\n\t\t\t\t<div class=\"elementor-widget-container\">\n\t\t\t\t\t\t\t\t\t\t\t\t\t\t\t<img decoding=\"async\" src=\"http:\/\/teidakademi.mucizefikironline.com\/wp-content\/uploads\/2022\/03\/eray_akdag_150x150.jpg\" title=\"\" alt=\"\" loading=\"lazy\" \/>\t\t\t\t\t\t\t\t\t\t\t\t\t\t\t<\/div>\n\t\t\t\t<\/div>\n\t\t\t\t<div class=\"elementor-element elementor-element-7199dcd elementor-widget elementor-widget-heading\" data-id=\"7199dcd\" data-element_type=\"widget\" data-e-type=\"widget\" data-widget_type=\"heading.default\">\n\t\t\t\t<div class=\"elementor-widget-container\">\n\t\t\t\t\t<h2 class=\"elementor-heading-title elementor-size-default\">Borusan Holding<\/h2>\t\t\t\t<\/div>\n\t\t\t\t<\/div>\n\t\t\t\t<div class=\"elementor-element elementor-element-be5a027 elementor-widget elementor-widget-heading\" data-id=\"be5a027\" data-element_type=\"widget\" data-e-type=\"widget\" data-widget_type=\"heading.default\">\n\t\t\t\t<div class=\"elementor-widget-container\">\n\t\t\t\t\t<h2 class=\"elementor-heading-title elementor-size-default\">Borusan Holding Kamu Politikalar\u0131 ve Kurumsal \u0130li\u015fkiler Direkt\u00f6r\u00fc<\/h2>\t\t\t\t<\/div>\n\t\t\t\t<\/div>\n\t\t\t\t<div class=\"elementor-element elementor-element-a5e92dd elementor-widget elementor-widget-text-editor\" data-id=\"a5e92dd\" data-element_type=\"widget\" data-e-type=\"widget\" data-widget_type=\"text-editor.default\">\n\t\t\t\t<div class=\"elementor-widget-container\">\n\t\t\t\t\t\t\t\t\t<p>2019 y\u0131l\u0131ndan bu yana Borusan Holding Ankara \u0130rtibat Ofisi\u2019ni y\u00f6netmekte olan AKDA\u011e ayn\u0131 zamanda Borusan Holding S\u00fcrd\u00fcr\u00fclebilirlik Komitesi ve Borusan Grubu uyum y\u00f6netimi \u00e7al\u0131\u015fmalar\u0131na da katk\u0131 sa\u011flamaktad\u0131r. \u00d6ncelikli olarak kamu kurumlar\u0131, payda\u015f \u015firketler ve \u00f6zel sekt\u00f6r temsil \u00f6rg\u00fctleri ile ili\u015fki y\u00f6netimi alan\u0131nda sorumluluk \u00fcstlenirken Holding\u2019in ve Grup \u015eirketleri\u2019nin kamu angajman politikalar\u0131n\u0131 y\u00f6nlendirmekte ve y\u00fcr\u00fctmektedir. Daha \u00f6nce on y\u0131l\u0131 a\u015fk\u0131n s\u00fcre T\u00dcS\u0130AD\u2019\u0131n Ankara Daimi Temsilcisi olarak g\u00f6rev yapan AKDA\u011e, toplamda 16 y\u0131l s\u00fcreyle g\u00f6rev ald\u0131\u011f\u0131 bu kurumda da Cumhurba\u015fkanl\u0131\u011f\u0131, Bakanl\u0131klar ve TBMM ba\u015fta olmak \u00fczere \u00e7ok say\u0131da resmi ve diplomatik kurum ile k\u00f6pr\u00fc g\u00f6revi g\u00f6rm\u00fc\u015ft\u00fcr. Ayr\u0131ca \u00e7e\u015fitli kamusal kurullarda da g\u00f6rev alm\u0131\u015f, ABD ve AB\u2019nin Rusya ve \u0130ran Uluslararas\u0131 Yapt\u0131r\u0131m Programlar\u0131 konular\u0131nda baz\u0131 \u00f6nemli \u00e7al\u0131\u015fmalarda yer alm\u0131\u015ft\u0131r. \u0130ngilizce ve T\u00fcrk\u00e7e yay\u0131nlar\u0131 bulunan, \u00e7e\u015fitli \u00fcniversitelerde y\u00fcksek lisans dersleri de veren AKDA\u011e, resmi Uluslararas\u0131 Liderlik Programlar\u0131 kapsam\u0131nda ABD ve Japonya D\u0131\u015fi\u015fleri Bakanl\u0131klar\u0131nca bu \u00fclkelerde a\u011f\u0131rlanm\u0131\u015f, Avrupa Birli\u011fi T\u00fcrkiye Delegasyonu Avrupa Tak\u0131m\u0131\u2019na se\u00e7ilmi\u015ftir. World Economic Forum ve T\u00fcrkiye Teknoloji Vakf\u0131 (TTGV) dahil \u00e7e\u015fitli sivil toplum kurulu\u015flar\u0131 ve d\u00fc\u015f\u00fcnce kurulu\u015flar\u0131nda da uzun s\u00fcre \u00e7e\u015fitli g\u00f6revler \u00fcstlenen AKDA\u011e halen T\u00fcrkiye Kurumsal Y\u00f6netim Derne\u011fi (TKYD) ve KALDER Ankara y\u00f6netimindedir.<\/p>\t\t\t\t\t\t\t\t<\/div>\n\t\t\t\t<\/div>\n\t\t\t\t\t<\/div>\n\t\t<\/div>\n\t\t\t\t\t<\/div>\n\t\t<\/section>\n\t\t\t\t<\/div>\n\t\t","protected":false},"excerpt":{"rendered":"<p>Borusan Holding Borusan Holding Kamu Politikalar\u0131 ve Kurumsal \u0130li\u015fkiler Direkt\u00f6r\u00fc 2019 y\u0131l\u0131ndan bu yana Borusan Holding Ankara \u0130rtibat Ofisi\u2019ni y\u00f6netmekte olan AKDA\u011e ayn\u0131 zamanda Borusan Holding S\u00fcrd\u00fcr\u00fclebilirlik Komitesi ve Borusan Grubu uyum y\u00f6netimi \u00e7al\u0131\u015fmalar\u0131na da katk\u0131 sa\u011flamaktad\u0131r. \u00d6ncelikli olarak kamu kurumlar\u0131, payda\u015f \u015firketler ve \u00f6zel sekt\u00f6r temsil \u00f6rg\u00fctleri ile ili\u015fki y\u00f6netimi alan\u0131nda sorumluluk \u00fcstlenirken Holding\u2019in [&hellip;]<\/p>\n","protected":false},"author":497,"featured_media":0,"parent":1166,"menu_order":0,"comment_status":"closed","ping_status":"closed","template":"elementor_header_footer","meta":{"_bbp_topic_count":0,"_bbp_reply_count":0,"_bbp_total_topic_count":0,"_bbp_total_reply_count":0,"_bbp_voice_count":0,"_bbp_anonymous_reply_count":0,"_bbp_topic_count_hidden":0,"_bbp_reply_count_hidden":0,"_bbp_forum_subforum_count":0,"footnotes":""},"class_list":["post-1815","page","type-page","status-publish","hentry"],"_links":{"self":[{"href":"https:\/\/teidakademi.com\/index.php\/wp-json\/wp\/v2\/pages\/1815","targetHints":{"allow":["GET"]}}],"collection":[{"href":"https:\/\/teidakademi.com\/index.php\/wp-json\/wp\/v2\/pages"}],"about":[{"href":"https:\/\/teidakademi.com\/index.php\/wp-json\/wp\/v2\/types\/page"}],"author":[{"embeddable":true,"href":"https:\/\/teidakademi.com\/index.php\/wp-json\/wp\/v2\/users\/497"}],"replies":[{"embeddable":true,"href":"https:\/\/teidakademi.com\/index.php\/wp-json\/wp\/v2\/comments?post=1815"}],"version-history":[{"count":0,"href":"https:\/\/teidakademi.com\/index.php\/wp-json\/wp\/v2\/pages\/1815\/revisions"}],"up":[{"embeddable":true,"href":"https:\/\/teidakademi.com\/index.php\/wp-json\/wp\/v2\/pages\/1166"}],"wp:attachment":[{"href":"https:\/\/teidakademi.com\/index.php\/wp-json\/wp\/v2\/media?parent=1815"}],"curies":[{"name":"wp","href":"https:\/\/api.w.org\/{rel}","templated":true}]}}