{"id":42253,"date":"2020-09-08T17:40:17","date_gmt":"2020-09-08T14:40:17","guid":{"rendered":"https:\/\/teidakademi.com\/index.php\/iump-register-2\/"},"modified":"2020-09-08T17:40:17","modified_gmt":"2020-09-08T14:40:17","slug":"iump-register-2","status":"publish","type":"page","link":"https:\/\/teidakademi.com\/index.php\/iump-register-2\/","title":{"rendered":"IUMP &#8211; Register"},"content":{"rendered":"<style><\/style><div class=\"iump-register-form ihc-register-6\"><style><\/style><form action=\"\" method=\"post\"  name=\"createuser\" id=\"createuser\" class=\"ihc-form-create-edit\" enctype=\"multipart\/form-data\" ><div class=\"ihc-register-col\"><div class=\"iump-form-line-register\" id=\"ihc_reg_text_2842\"><label class=\"iump-labels-register\"><span style=\"color: red;\">*<\/span>Kullan\u0131c\u0131 Ad\u0131<\/label><input type=\"text\" name=\"user_login\" id=\"\" class=\"\" value=\"\" placeholder=\"\"   \/><\/div><div class=\"iump-form-line-register\" id=\"ihc_reg_text_7962\"><label class=\"iump-labels-register\"><span style=\"color: red;\">*<\/span>E-posta<\/label><input type=\"text\" name=\"user_email\" id=\"\" class=\"\" value=\"\" placeholder=\"\"   \/><\/div><div class=\"iump-form-line-register\" id=\"ihc_reg_text_9\"><label class=\"iump-labels-register\"><span style=\"color: red;\">*<\/span>Ad<\/label><input type=\"text\" name=\"first_name\" id=\"\" class=\"\" value=\"\" placeholder=\"\"   \/><\/div><div class=\"iump-form-line-register\" id=\"ihc_reg_text_2127\"><label class=\"iump-labels-register\"><span style=\"color: red;\">*<\/span>Soyad<\/label><input type=\"text\" name=\"last_name\" id=\"\" class=\"\" value=\"\" placeholder=\"\"   \/><\/div><div class=\"iump-form-line-register\" id=\"ihc_reg_password_8945\"><label class=\"iump-labels-register\"><span style=\"color: red;\">*<\/span>Parola<\/label><input type=\"password\" name=\"pass1\" id=\"\" class=\"\" value=\"\" placeholder=\"\"  \/><\/div><div class=\"iump-form-line-register\" id=\"ihc_reg_password_6083\"><label class=\"iump-labels-register\"><span style=\"color: red;\">*<\/span>Parolay\u0131 Do\u011frula<\/label><input type=\"password\" name=\"pass2\" id=\"\" class=\"\" value=\"\" placeholder=\"\"  \/><\/div><\/div><div class=\"ihc-register-col\"><div class=\"iump-form-line-register\" id=\"ihc_reg_upload_image_1034\"><label class=\"iump-labels-register\">Resim<\/label><div id=\"ihc_fileuploader_wrapp_9463\" class=\"ihc-wrapp-file-upload\" style=\" vertical-align: text-top;\">\t\t<script>\t\t\t\t\t\t\n\t\t\t\t\t\t\tjQuery(document).ready(function() {\n\t\t\t\t\t\t\t\tjQuery(\"#ihc_fileuploader_wrapp_9463 .ihc-file-upload\").uploadFile({\n\t\t\t\t\t\t\t\t\tonSelect: function (files) {\t\t\t\n\t\t\t\t\t\t\t\t\t\t\tjQuery(\"#ihc_fileuploader_wrapp_9463 .ajax-file-upload-container\").css(\"display\", \"block\");\t\t\t\t\t\t\n\t\t\t\t\t\t\t\t\t\t\tvar check_value = jQuery(\"#ihc_upload_hidden_9463\").val();\n\t\t\t\t\t\t\t\t\t\t\tif (check_value!=\"\" ){\n\t\t\t\t\t\t\t\t\t\t\t\talert(\"To add a new image please remove the previous one!\");\n\t\t\t\t\t\t\t\t\t\t\t\treturn false;\n\t\t\t\t\t\t\t\t\t\t\t}\t\n                \t\t\t\t\t\t\treturn true;\n            \t\t\t\t\t\t},\n\t\t\t\t\t\t\t\t\turl: \"https:\/\/teidakademi.com\/wp-content\/plugins\/indeed-membership-pro\/public\/ajax-upload.php\",\n\t\t\t\t\t\t\t\t\tallowedTypes: \"jpg,png,jpeg,gif\",\n\t\t\t\t\t\t\t\t\tfileName: \"avatar\",\n\t\t\t\t\t\t\t\t\tmaxFileSize: 1000000,\n\t\t\t\t\t\t\t\t\tdragDrop: false,\n\t\t\t\t\t\t\t\t\tshowFileCounter: false,\n\t\t\t\t\t\t\t\t\tshowProgress: true,\n\t\t\t\t\t\t\t\t\tonSuccess: function(a, response, b, c){\n\t\t\t\t\t\t\t\t\t\tif (response){\n\t\t\t\t\t\t\t\t\t\t\tvar obj = jQuery.parseJSON(response);\t\n\t\t\t\t\t\t\t\t\t\t\tjQuery(\"#ihc_upload_hidden_9463\").val(obj.id);\n\t\t\t\t\t\t\t\t\t\t\tjQuery(\"#ihc_fileuploader_wrapp_9463 .ihc-file-upload\").prepend(\"<div onClick=\\\"ihc_delete_file_via_ajax(\"+obj.id+\", -1, '#ihc_fileuploader_wrapp_9463', 'ihc_avatar', '#ihc_upload_hidden_9463');\\\" class='ihc-delete-attachment-bttn'>Remove<\/div>\");\n\t\t\t\t\t\t\t\t\t\t\tjQuery(\"#ihc_fileuploader_wrapp_9463 .ihc-file-upload\").prepend(\"<img decoding=\"async\" src=\"+obj.url+\" class='ihc-member-photo' \/><div class='ihc-clear'><\/div>\");\t\n\t\t\t\t\t\t\t\t\t\t\tjQuery(\".ihc-no-avatar\").remove();\n\t\t\t\t\t\t\t\t\t\t\tsetTimeout(function(){\n\t\t\t\t\t\t\t\t\t\t\t\tjQuery(\"#ihc_fileuploader_wrapp_9463 .ajax-file-upload-container\").css(\"display\", \"none\");\n\t\t\t\t\t\t\t\t\t\t\t}, 3000);\n\t\t\t\t\t\t\t\t\t\t}\n\t\t\t\t\t\t\t\t\t}\n\t\t\t\t\t\t\t\t});\n\t\t\t\t\t\t\t});\n\t\t\t\t\t\t<\/script><input type=\"hidden\" value=\"\" name=\"ihc_avatar\"  id=\"ihc_upload_hidden_9463\" \/><div class=\"ihc-no-avatar ihc-member-photo\"><\/div><div class=\"ihc-file-upload ihc-file-upload-button\" style=\"display: block;\">Y\u00fckle<\/div><\/div><\/div><div class=\"ihc-tos-wrap\" id=\"ihc_tos_field_parent_473\"><input type=\"checkbox\" value=\"1\" name=\"tos\" class=\"\" \/><a href=\"https:\/\/teidakademi.com\/index.php\/iump-tos-page-5\/\" target=\"_blank\">Accept our Terms&Conditions<\/a><\/div><div class=\"g-recaptcha-wrapper\" class=\"\"><div class=\"g-recaptcha\" data-sitekey=\"6Lfa-ykTAAAAAAhVFCF1Ey-T0w145boPOTxcqaa4\"><\/div><script type=\"text\/javascript\" src=\"https:\/\/www.google.com\/recaptcha\/api.js?hl=en\"><\/script><\/div><input type=\"hidden\" name=\"ihc_payment_gateway\" value=\"bank_transfer\" \/><input type=\"hidden\" name=\"ihcaction\" id=\"\" class=\"\" value=\"register\"  \/><\/div><div class=\"iump-submit-form\"><input type=\"submit\" value=\"Kay\u0131t Ol\" name=\"Submit\" id=\"ihc_submit_bttn\" class=\"button button-primary button-large\"   \/><\/div><\/form><form method=\"post\" action=\"https:\/\/teidakademi.com\/wp-content\/plugins\/indeed-membership-pro\/public\/social_handler.php\" id=\"ihc_social_login_form\"><input type=hidden name=ihc_current_url value=https%3A%2F%2Fteidakademi.com%2Findex.php%2Fwp-json%2Fwp%2Fv2%2Fpages%2F42253 \/><input type=hidden name=sm_register value=1 \/><\/form><script>var req_fields_arr = [];jQuery(document).ready(function(){jQuery(\".ihc-form-create-edit [name=user_login]\").on(\"blur\", function(){\r\n\t\t\t\t\t\t\tihc_register_check_via_ajax(\"user_login\");\r\n\t\t\t\t\t\t});req_fields_arr.push(\"user_login\");\n\t\t\t\t\tjQuery(\".ihc-form-create-edit [name=user_email]\").on(\"blur\", function(){\r\n\t\t\t\t\t\t\tihc_register_check_via_ajax(\"user_email\");\r\n\t\t\t\t\t\t});req_fields_arr.push(\"user_email\");\n\t\t\t\t\tjQuery(\".ihc-form-create-edit [name=first_name]\").on(\"blur\", function(){\r\n\t\t\t\t\t\t\tihc_register_check_via_ajax(\"first_name\");\r\n\t\t\t\t\t\t});req_fields_arr.push(\"first_name\");\n\t\t\t\t\tjQuery(\".ihc-form-create-edit [name=last_name]\").on(\"blur\", function(){\r\n\t\t\t\t\t\t\tihc_register_check_via_ajax(\"last_name\");\r\n\t\t\t\t\t\t});req_fields_arr.push(\"last_name\");\n\t\t\t\t\tjQuery(\".ihc-form-create-edit [name=pass1]\").on(\"blur\", function(){\r\n\t\t\t\t\t\t\tihc_register_check_via_ajax(\"pass1\");\r\n\t\t\t\t\t\t});req_fields_arr.push(\"pass1\");\n\t\t\t\t\tjQuery(\".ihc-form-create-edit [name=pass2]\").on(\"blur\", function(){\r\n\t\t\t\t\t\t\tihc_register_check_via_ajax(\"pass2\");\r\n\t\t\t\t\t\t});req_fields_arr.push(\"pass2\");\n\t\t\t\t\treq_fields_arr.push(\"tos\");\n\t\t\t\t\tjQuery(\".ihc-form-create-edit\").live(\"submit\", function() {\n\t\t\t\t\t\t\tif (window.must_submit==1){\n\t\t\t\t\t\t\t\treturn true;\n\t\t\t\t\t\t\t} else {\n\t\t\t\t\t\t\t\tihc_register_check_via_ajax_rec(req_fields_arr);\n\t\t\t\t\t\t\t\treturn false;\t\t\t\t\t\t\t\n\t\t\t\t\t\t\t}\n\t\t\t\t\t\t});});<\/script><\/div>\n","protected":false},"excerpt":{"rendered":"","protected":false},"author":1,"featured_media":0,"parent":0,"menu_order":0,"comment_status":"closed","ping_status":"closed","template":"","meta":{"_bbp_topic_count":0,"_bbp_reply_count":0,"_bbp_total_topic_count":0,"_bbp_total_reply_count":0,"_bbp_voice_count":0,"_bbp_anonymous_reply_count":0,"_bbp_topic_count_hidden":0,"_bbp_reply_count_hidden":0,"_bbp_forum_subforum_count":0,"footnotes":""},"class_list":["post-42253","page","type-page","status-publish","hentry"],"_links":{"self":[{"href":"https:\/\/teidakademi.com\/index.php\/wp-json\/wp\/v2\/pages\/42253","targetHints":{"allow":["GET"]}}],"collection":[{"href":"https:\/\/teidakademi.com\/index.php\/wp-json\/wp\/v2\/pages"}],"about":[{"href":"https:\/\/teidakademi.com\/index.php\/wp-json\/wp\/v2\/types\/page"}],"author":[{"embeddable":true,"href":"https:\/\/teidakademi.com\/index.php\/wp-json\/wp\/v2\/users\/1"}],"replies":[{"embeddable":true,"href":"https:\/\/teidakademi.com\/index.php\/wp-json\/wp\/v2\/comments?post=42253"}],"version-history":[{"count":0,"href":"https:\/\/teidakademi.com\/index.php\/wp-json\/wp\/v2\/pages\/42253\/revisions"}],"wp:attachment":[{"href":"https:\/\/teidakademi.com\/index.php\/wp-json\/wp\/v2\/media?parent=42253"}],"curies":[{"name":"wp","href":"https:\/\/api.w.org\/{rel}","templated":true}]}}