{"id":46872,"date":"2024-01-26T14:29:40","date_gmt":"2024-01-26T11:29:40","guid":{"rendered":"https:\/\/teidakademi.com\/?page_id=46872"},"modified":"2026-01-14T13:31:28","modified_gmt":"2026-01-14T10:31:28","slug":"teid-akademi-x-coca-cola-icecek-egitimi","status":"publish","type":"page","link":"https:\/\/teidakademi.com\/index.php\/teid-akademi-x-coca-cola-icecek-egitimi\/","title":{"rendered":"TE\u0130D Akademi x Coca-Cola \u0130\u00e7ecek E\u011fitimi"},"content":{"rendered":"\t\t<div data-elementor-type=\"wp-page\" data-elementor-id=\"46872\" class=\"elementor elementor-46872\" data-elementor-settings=\"{&quot;ha_cmc_init_switcher&quot;:&quot;no&quot;}\" data-elementor-post-type=\"page\">\n\t\t\t\t\t\t<section class=\"elementor-section elementor-top-section elementor-element elementor-element-bc39e38 elementor-section-boxed elementor-section-height-default elementor-section-height-default\" data-id=\"bc39e38\" data-element_type=\"section\" data-e-type=\"section\" data-settings=\"{&quot;_ha_eqh_enable&quot;:false}\">\n\t\t\t\t\t\t<div class=\"elementor-container elementor-column-gap-default\">\n\t\t\t\t\t<div class=\"elementor-column elementor-col-100 elementor-top-column elementor-element elementor-element-8a8309a\" data-id=\"8a8309a\" data-element_type=\"column\" data-e-type=\"column\">\n\t\t\t<div class=\"elementor-widget-wrap elementor-element-populated\">\n\t\t\t\t\t\t<div class=\"elementor-element elementor-element-73037e2 elementor-widget elementor-widget-text-editor\" data-id=\"73037e2\" data-element_type=\"widget\" data-e-type=\"widget\" data-widget_type=\"text-editor.default\">\n\t\t\t\t<div class=\"elementor-widget-container\">\n\t\t\t\t\t\t\t\t\t<p align=\"center\"><b><span lang=\"TR\"><br \/>Akademi x Coca Cola \u0130\u00e7ecek \u201cKurumsal Etik Ve Uyum Y\u00f6netimi E\u011fitim Program\u0131\u201d Ger\u00e7ekle\u015fti!<\/span><\/b><\/p><p align=\"center\">TE\u0130D Akademi \u201cKurumsal Etik ve Uyum Y\u00f6netimi\u201d e\u011fitim program\u0131<span lang=\"TR\">, <\/span>24 Ocak 2024 <span lang=\"TR\">\u2013 29 \u015eubat 2024 tarihleri aras\u0131nda<\/span>,<span class=\"apple-converted-space\">\u00a0<\/span><br \/>Coca-Cola \u0130\u00e7ecek A.\u015e. b\u00f6lgedeki y\u00f6neticileri i\u00e7in \u0130ngilizce olarak <span lang=\"TR\">ger\u00e7ekle\u015fti<\/span>.<\/p><p align=\"center\">Kuruma y\u00f6nelik b\u00f6lgesel programda,\u00a0K\u0131rg\u0131zistan, Kazakistan, Pakistan,<span class=\"apple-converted-space\">\u00a0<\/span><br \/>T\u00fcrkiye, \u00d6zbekistan, \u00dcrd\u00fcn, Irak, Azerbaycan, Tacikistan, T\u00fcrkmenistan\u2019dan 64 kat\u0131l\u0131mc\u0131 <span lang=\"TR\">yer ald\u0131<\/span>.<\/p><p align=\"center\"><strong>19 saatlik 12 g\u00fcn <\/strong><strong><span lang=\"TR\">s\u00fcren<\/span><\/strong><strong> program 12 dersten <\/strong><strong><span lang=\"TR\">olu\u015ftu<\/span><\/strong><strong> ve 12 e\u011fitmen g\u00f6rev <\/strong><strong><span lang=\"TR\">ald\u0131<\/span><\/strong><strong>.<\/strong><\/p>\t\t\t\t\t\t\t\t<\/div>\n\t\t\t\t<\/div>\n\t\t\t\t\t<\/div>\n\t\t<\/div>\n\t\t\t\t\t<\/div>\n\t\t<\/section>\n\t\t\t\t<\/div>\n\t\t","protected":false},"excerpt":{"rendered":"<p>Akademi x Coca Cola \u0130\u00e7ecek \u201cKurumsal Etik Ve Uyum Y\u00f6netimi E\u011fitim Program\u0131\u201d Ger\u00e7ekle\u015fti! TE\u0130D Akademi \u201cKurumsal Etik ve Uyum Y\u00f6netimi\u201d e\u011fitim program\u0131, 24 Ocak 2024 \u2013 29 \u015eubat 2024 tarihleri aras\u0131nda,\u00a0Coca-Cola \u0130\u00e7ecek A.\u015e. b\u00f6lgedeki y\u00f6neticileri i\u00e7in \u0130ngilizce olarak ger\u00e7ekle\u015fti. Kuruma y\u00f6nelik b\u00f6lgesel programda,\u00a0K\u0131rg\u0131zistan, Kazakistan, Pakistan,\u00a0T\u00fcrkiye, \u00d6zbekistan, \u00dcrd\u00fcn, Irak, Azerbaycan, Tacikistan, T\u00fcrkmenistan\u2019dan 64 kat\u0131l\u0131mc\u0131 yer ald\u0131. [&hellip;]<\/p>\n","protected":false},"author":1,"featured_media":0,"parent":0,"menu_order":0,"comment_status":"closed","ping_status":"closed","template":"elementor_header_footer","meta":{"_bbp_topic_count":0,"_bbp_reply_count":0,"_bbp_total_topic_count":0,"_bbp_total_reply_count":0,"_bbp_voice_count":0,"_bbp_anonymous_reply_count":0,"_bbp_topic_count_hidden":0,"_bbp_reply_count_hidden":0,"_bbp_forum_subforum_count":0,"footnotes":""},"class_list":["post-46872","page","type-page","status-publish","hentry"],"_links":{"self":[{"href":"https:\/\/teidakademi.com\/index.php\/wp-json\/wp\/v2\/pages\/46872","targetHints":{"allow":["GET"]}}],"collection":[{"href":"https:\/\/teidakademi.com\/index.php\/wp-json\/wp\/v2\/pages"}],"about":[{"href":"https:\/\/teidakademi.com\/index.php\/wp-json\/wp\/v2\/types\/page"}],"author":[{"embeddable":true,"href":"https:\/\/teidakademi.com\/index.php\/wp-json\/wp\/v2\/users\/1"}],"replies":[{"embeddable":true,"href":"https:\/\/teidakademi.com\/index.php\/wp-json\/wp\/v2\/comments?post=46872"}],"version-history":[{"count":14,"href":"https:\/\/teidakademi.com\/index.php\/wp-json\/wp\/v2\/pages\/46872\/revisions"}],"predecessor-version":[{"id":48959,"href":"https:\/\/teidakademi.com\/index.php\/wp-json\/wp\/v2\/pages\/46872\/revisions\/48959"}],"wp:attachment":[{"href":"https:\/\/teidakademi.com\/index.php\/wp-json\/wp\/v2\/media?parent=46872"}],"curies":[{"name":"wp","href":"https:\/\/api.w.org\/{rel}","templated":true}]}}